its digit of 287?
7
What is the tens digit of 21381?
8
What is the tens digit of 23071?
7
What is the units digit of 3207?
7
What is the thousands digit of 3642?
3
What is the tens digit of 413?
1
What is the ten thousands digit of 20292?
2
What is the tens digit of 688?
8
What is the tens digit of 5419?
1
What is the ten thousands digit of 40527?
4
What is the units digit of 14287?
7
What is the thousands digit of 4578?
4
What is the thousands digit of 1275?
1
What is the units digit of 77600?
0
What is the units digit of 1265?
5
What is the tens digit of 1104?
0
What is the units digit of 757?
7
What is the tens digit of 214?
1
What is the hundreds digit of 3547?
5
What is the units digit of 2595?
5
What is the tens digit of 11417?
1
What is the thousands digit of 27179?
7
What is the units digit of 7946?
6
What is the units digit of 57318?
8
What is the hundreds digit of 4082?
0
What is the tens digit of 71?
7
What is the hundreds digit of 1651?
6
What is the units digit of 2732?
2
What is the tens digit of 531?
3
What is the tens digit of 98576?
7
What is the units digit of 130781?
1
What is the hundreds digit of 2033?
0
What is the tens digit of 82132?
3
What is the thousands digit of 4045?
4
What is the hundreds digit of 9269?
2
What is the ten thousands digit of 43426?
4
What is the tens digit of 401?
0
What is the tens digit of 86?
8
What is the thousands digit of 1155?
1
What is the hundreds digit of 975?
9
What is the tens digit of 6183?
8
What is the tens digit of 34?
3
What is the tens digit of 45392?
9
What is the thousands digit of 6143?
6
What is the units digit of 5342?
2
What is the units digit of 1355?
5
What is the thousands digit of 20782?
0
What is the units digit of 8330?
0
What is the units digit of 5590?
0
What is the tens digit of 587?
8
What is the units digit of 12176?
6
What is the hundreds digit of 375?
3
What is the units digit of 1772?
2
What is the units digit of 21043?
3
What is the units digit of 13415?
5
What is the tens digit of 2471?
7
What is the hundreds digit of 160?
1
What is the tens digit of 19928?
2
What is the tens digit of 36744?
4
What is the hundreds digit of 2316?
3
What is the hundreds digit of 14514?
5
What is the units digit of 5953?
3
What is the units digit of 60807?
7
What is the units digit of 2483?
3
What is the units digit of 3679?
9
What is the hundreds digit of 4526?
5
What is the hundreds digit of 17319?
3
What is the units digit of 6054?
4
What is the hundreds digit of 1874?
8
What is the hundreds digit of 13572?
5
What is the tens digit of 1061?
6
What is the hundreds digit of 1584?
5
What is the ten thousands digit of 17794?
1
What is the units digit of 10681?
1
What is the units digit of 966?
6
What is the hundreds digit of 23855?
8
What is the thousands digit of 1770?
1
What is the ten thousands digit of 122677?
2
What is the units digit of 21?
1
What is the hundreds digit of 731?
7
What is the tens digit of 39674?
7
What is the tens digit of 844?
4
What is the ten thousands digit of 30729?
3
What is the tens digit of 38217?
1
What is the units digit of 1004?
4
What is the tens digit of 544?
4
What is the units digit of 2952?
2
What is the units digit of 46865?
5
What is the units digit of 4071?
1
What is the thousands digit of 25109?
5
What is the hundreds digit of 2577?
5
What is the hundreds digit of 2929?
9
What is the units digit of 19709?
9
What is the units digit of 6023?
3
What is the hundreds digit of 2987?
9
What is the tens digit of 17141?
4
What is the ten thousands digit of 15387?
1
What is the hundreds digit of 730?
7
What is the hundreds digit of 921?
9
What is the ten thousands digit of 90676?
9
What is the tens digit of 4141?
4
What is the ten thousands digit of 13928?
1
What is the thousands digit of 54672?
4
What is the units digit of 181?
1
What is the tens digit of 5049?
4
What is the hundreds digit of 9053?
0
What is the tens digit of 30789?
8
What is the tens digit of 9329?
2
What is the hundreds digit of 3614?
6
What is the tens digit of 16757?
5
What is the thousands digit of 2480?
2
What is the ten thousands digit of 14063?
1
What is the units digit of 3704?
4
What is the units digit of 1136?
6
What is the units digit of 713?
3
What is the units digit of 2489?
9
What is the thousands digit of 3187?
3
What is the units digit of 1458?
8
What is the hundreds digit of 983?
9
What is the tens digit of 23217?
1
What is the tens digit of 329?
2
What is the hundreds digit of 118858?
8
What is the hundreds digit of 141?
1
What is the units digit of 51159?
9
What is the units digit of 1928?
8
What is the units digit of 30786?
6
What is the tens digit of 6613?
1
What is the tens digit of 7610?
1
What is the thousands digit of 86122?
6
What is the tens digit of 7915?
1
What is the thousands digit of 26146?
6
What is the hundreds digit of 8418?
4
What is the ten thousands digit of 11752?
1
What is the hundreds digit of 932?
9
What is the hundreds digit of 1069?
0
What is the hundred thousands digit of 126363?
1
What is the tens digit of 7531?
3
What is the thousands digit of 168213?
8
What is the ten thousands digit of 23147?
2
What is the thousands digit of 4951?
4
What is the ten thousands digit of 47709?
4
What is the tens digit of 1539?
3
What is the thousands digit of 1261?
1
What is the hundreds digit of 1913?
9
What is the thousands digit of 1565?
1
What is the thousands digit of 1147?
1
What is the ten thousands digit of 11396?
1
What is the tens digit of 5934?
3
What is the tens digit of 1878?
7
What is the hundreds digit of 6985?
9
What is the hundred thousands digit of 107944?
1
What is the tens digit of 592?
9
What is the ten thousands digit of 71722?
7
What is the tens digit of 1719?
1
What is the thousands digit of 2896?
2
What is the tens digit of 9751?
5
What is the tens digit of 4265?
6
What is the units digit of 6922?
2
What is the tens digit of 12205?
0
What is the tens digit of 1365?
6
What is the tens digit of 134938?
3
What is the tens digit of 3247?
4
What is the units digit of 479?
9
What is the units digit of 7708?
8
What is the tens digit of 54372?
7
What is the units digit of 584?
4
What is the hundreds digit of 15862?
8
What is the units digit of 3034?
4
What is the hundreds digit of 2336?
3
What is the units digit of 81639?
9
What is the hundreds digit of 256?
2
What is the ten thousands digit of 13711?
1
What is the thousands digit of 1977?
1
What is the units digit of 446?
6
What is the thousands digit of 2998?
2
What is the hundreds digit of 55460?
4
What is the thousands digit of 9524?
9
What is the thousands digit of 68673?
8
What is the thousands digit of 28045?
8
What is the units digit of 10656?
6
What is the units digit of 764?
4
What is the tens digit of 62?
6
What is the hundreds digit of 2427?
4
What is the ten thousands digit of 27276?
2
What is the ten thousands digit of 16463?
1
What is the thousands digit of 10251?
0
What is the ten thousands digit of 11896?
1
What is the tens digit of 10615?
1
What is the units digit of 5377?
7
What is the hundreds digit of 2863?
8
What is the units digit of 14910?
0
What is the hundreds digit of 5480?
4
What is the thousands digit of 38764?
8
What is the hundreds digit of 761?
7
What is the thousands digit of 1361?
1
What is the tens digit of 2290?
9
What is the hundreds digit of 19571?
5
What is the thousands digit of 1075?
1
What is the ten thousands digit of 145309?
4
What is the tens digit of 70529?
2
What is the thousands digit of 38824?
8
What is the tens digit of 157?
5
What is the units digit of 6960?
0
What is the tens digit of 6043?
4
What is the tens digit of 24197?
9
What is the units digit of 454?
4
What is the thousands digit of 1860?
1
What is the hundred thousands digit of 140082?
1
What is the hundreds digit of 2909?
9
What is the units digit of 89?
9
What is the hundreds digit of 6713?
7
What is the thousands digit of 2306?
2
What is the tens digit of 994?
9
What is the hundreds digit of 1124?
1
What is the ten thousands digit of 69017?
6
What is the units digit of 180?
0
What is the hundreds digit of 204?
2
What is the units digit of 3867?
7
What is the hundreds digit of 16757?
7
What is the tens digit of 112269?
6
What is the hundreds digit of 1243?
2
What is th